7*u**3 + 3*u**2 - 15*u - 129. Is j(8) composite?
False
Suppose -270*k + 262*k + 118064 = 0. Suppose -2*x - k = -4*c, -3*c - x = 1602 - 12678. Is c a composite number?
False
Let n = 124 - 122. Suppose -2*f + 4*v - 24886 = -4*f, 4*f + n*v - 49754 = 0. Is f composite?
False
Is -460004*((1 - (-9)/(-11)) + (-13489)/14476) a composite number?
True
Let y(r) = r**3 + 15*r**2 - r - 13. Let t be y(-15). Let m be ((-5)/10*t)/((-1)/3). Suppose 0 = -4*z, 10*o = 11*o + m*z - 1262. Is o composite?
True
Let h = 10565 + 258920. Is h composite?
True
Is 2/20 + 1356498/20 - 2 composite?
True
Let u be -2 + (-141)/(-27) + (-10)/45. Suppose -363 = -t - v + u*v, -5*t + 3*v = -1787. Suppose -6*b + t = -5*b. Is b composite?
True
Is (478/239)/((-4)/(-1673834)) a prime number?
True
Let u(i) be the second derivative of -i**7/840 + i**6/360 - i**5/60 + 91*i**4/24 - i**3 - 21*i. Let r(p) be the second derivative of u(p). Is r(0) prime?
False
Suppose -20*t + 626736 = -3834584. Is t prime?
False
Suppose -77*b + 72*b + 6387743 = -4*k, -3832615 = -3*b - 2*k. Is b prime?
True
Suppose 6*i - 358 - 848 = 0. Suppose 5*j = 3*p - i, -5*p + 0*p - 4*j + 335 = 0. Is p prime?
True
Let o(n) = n**2 + 3*n - 4. Let r be o(-4). Suppose r = -53*y + 237600 + 176171. Is y composite?
True
Let q be (6*(-2)/14)/(3/(-63)). Suppose q*j - 23427 = 15*j. Suppose 5*p = -4*u + j, 3*p - 6*u - 4679 = -2*u. Is p composite?
True
Let c = -116876 + 212793. Is c a prime number?
True
Let c(p) = 31*p**3 - 4*p**2 - 13*p + 9. Let o = 170 - 165. Is c(o) a composite number?
False
Let j = -318647 + 635770. Is j a composite number?
False
Let g(x) = x**3 + 5*x**2 - 8*x - 12. Let w be 8/(-3)*36/16. Let a be g(w). Suppose 2*p - f - 138 = -3*f, -p - 5*f + 49 = a. Is p composite?
True
Let a(j) = 21*j - 328. Let l be a(16). Let k(m) = 17*m**2 + 2*m + 47. Is k(l) a prime number?
True
Let x(f) = -59*f**3 + 12*f**2 + 103*f + 9. Is x(-8) composite?
False
Let w(g) = 4*g - 39. Let o be w(11). Suppose i + 3*u - 2795 = -3*i, o*i = -2*u + 3499. Is i composite?
False
Let h be ((-49)/(-2))/((-28)/56). Is (-4)/(-7) - 46669/h prime?
True
Suppose -3*c - j = -1, -c = -4*j + 2*j - 12. Suppose -3*w - 1 = -2*w, -3*w - 3901 = -c*d. Is d a prime number?
True
Suppose 0 = -m + 5*d + 29, 371 = 5*m + 5*d + 76. Let i = m + -46. Is (1420/i + -4)*2 composite?
False
Let j(g) = 13413*g + 1282. Is j(47) composite?
True
Suppose -83*f = -96*f + 182. Let h(p) = 41*p - 20. Let j(d) = 82*d - 39. Let s(g) = -5*h(g) + 3*j(g). Is s(f) prime?
True
Suppose -2*w - 11371 = -3*o, -6195 = -3*o - 2*w + 5156. Is o a prime number?
False
Let d(z) = 361*z**2 - 15*z + 7. Let c = -273 - -267. Is d(c) a prime number?
True
Suppose 14*y - 18*y = -5*k + 19, -k = 2*y - 1. Suppose -12384 = -2*q - 2*v, -9171 = -k*q + 2*v + 9430. Is q a prime number?
True
Let f(c) = 6*c**3 + 5*c**2 + 12*c + 2. Let t be -4*((-25)/4 - -4). Is f(t) a prime number?
True
Suppose 3*o + 26787 + 29624 = 4*d, -d + 5*o + 14090 = 0. Let a = d + -2748. Is a prime?
False
Let h(a) = 7*a + 35. Let v be h(-5). Suppose v = -127*k + 111*k + 219824. Is k a composite number?
True
Let h = -280 + 364. Suppose 51484 = -h*g + 88*g. Is g prime?
False
Let x(h) = -h**3 + 4*h**2 + 4*h + 3. Let j = -90 + 96. Let l be x(j). Let u = 194 + l. Is u a composite number?
False
Let a be 10/6*((-22)/(-10) + -1). Let y = 305 - 146. Suppose x - y = -a*x. Is x prime?
True
Suppose 25 = -125*a + 130*a. Suppose -5*c = -a*o + 3450, o + 11*c = 13*c + 689. Is o prime?
True
Let p(b) = -b**2 + 8*b - 7. Let h = 35 - 28. Let l be p(h). Suppose -3*q - 129 = -4*q - 3*y, 3*q - 5*y - 359 = l. Is q a composite number?
True
Suppose 25*t - 22*t = 26*t - 4573619. Is t a composite number?
True
Let f = -1753 + 980. Suppose 7 + 1 = 2*t, 5*p + 4*t + 1814 = 0. Let n = p - f. Is n a prime number?
False
Suppose -24*a + 3348303 = 4*a + 455371. Is a prime?
True
Let m(w) = 6451*w - 1164. Is m(5) a composite number?
False
Let m be (-12 + (-178)/(-8))/(1/(-548)). Is (m/4)/((-25)/100) composite?
True
Let d be (5 - -1 - 4) + 2. Suppose 4853 = d*y - 1631. Is y a prime number?
True
Suppose 3*m + 2 = 8. Suppose -x = m - 7. Suppose -u + 4*i + 3272 = i, x*u + 3*i - 16306 = 0. Is u prime?
False
Let b(o) = o**2 - 11*o + 23. Let v be b(9). Is v/15 + (-5)/((-15)/8816) a composite number?
False
Suppose 10 + 18 = 7*v. Suppose v*b - 39 = -15. Suppose 0 = 3*t + b*a - 5*a - 574, -4*t + 768 = 4*a. Is t prime?
True
Let q be (-5710 + (-1 - -3))/(6 - 8). Suppose g - q - 1705 = 0. Is g prime?
False
Let u(c) = 27*c**3 - 14*c**3 - 15*c**2 + 8 - 13*c - 14*c**3. Let b be u(-14). Is ((-4)/b*-1141)/(16/(-24)) prime?
False
Is (-6)/((-66)/55) + 159894 a composite number?
False
Suppose 19*f - 21*f = 8. Let g be (3 + 65 + f)*-449 - 2. Is g/(-8) - (75/(-20) - -3) composite?
False
Let g(l) = -101579*l - 382. Is g(-7) a prime number?
False
Let t(g) = 532*g + 23. Let k(w) = -1598*w - 69. Let i(s) = 3*k(s) + 8*t(s). Is i(-4) composite?
False
Let v(f) = -f + 20. Let b be v(6). Suppose j + 2*s + 2 = 0, j + 4*s + b = 4*j. Suppose 2*h + 3*q - 374 = 0, -j*h - 2*q + 187 = -h. Is h a prime number?
False
Suppose 69*z - 52279 = 11914322. Is z a prime number?
True
Suppose 1002*y = 3*j + 999*y - 53034, -j = -4*y - 17705. Is j composite?
False
Suppose -2*y + z - 7 = 0, 3*y + 3*z + 4 = -2*z. Is -6326*-3*y/(-18) a composite number?
False
Let r(y) = y**3 + y**2 + y + 167. Suppose 2*z + 2 = -6. Let h be (-3 - -3)*(-1)/z. Is r(h) a composite number?
False
Let z = -28 + 33. Suppose 3*m - 2*q = 6703, -q = z*m - 4*m - 2241. Is m composite?
False
Suppose -3*s - s + 18 = 2*y, -5*s - 5*y + 30 = 0. Let q = 9 - 6. Suppose 282 = z + s*b + 32, z - 268 = q*b. Is z prime?
False
Let a(p) = 8802*p**3 + 9*p**2 - 19*p + 11. Is a(1) a prime number?
True
Let q(g) = 31*g**2 - 16*g + 2714. Is q(-105) prime?
True
Suppose -61*p + 5*p + 6734616 = 0. Is p composite?
True
Suppose -3*f + 620395 + 552746 = 2*c, 0 = -5*f - 2*c + 1955239. Is f a composite number?
False
Suppose g - 62651 = 4*y, -3*g - 5*y + 129086 = -59003. Is g a prime number?
True
Suppose -l = -3*n - 5*l + 35, n + 5*l + 3 = 0. Suppose -6*u + 3 + 213 = 0. Let d = u - n. Is d prime?
True
Let u(w) = -226*w - 19. Let s(d) = 223*d + 20. Let z(m) = 4*s(m) + 3*u(m). Is z(9) composite?
False
Let a = 49921 - 28735. Suppose u + 6090 = -5*q + a, 3*q - 9052 = 5*u. Is q prime?
True
Let n be (-20489)/(-2) - (-189)/(-126). Let f = 19150 - n. Is f a composite number?
True
Let s be 6 - -8*1/(-2). Let h be s/(-8) - (-27)/12. Suppose -v - 4 + h = 0, 5*v - 834 = -4*r. Is r a composite number?
False
Is 14735 + (2 - 9/(-36))*8/3 prime?
True
Suppose -2*l + 4*a + a + 230483 = 0, 0 = -4*l - 4*a + 461008. Is l a composite number?
False
Let l(w) = 2*w**3 - 6*w**2 - 8*w + 5. Let u be l(4). Suppose 0 = 4*m - 12, -u*m + 200 + 245 = 2*h. Is h prime?
False
Let j be 207*(0 + 2 + 24/9). Let i = j + -560. Suppose -227 = -3*p + i. Is p a prime number?
True
Let h(z) = z**3 + 26*z**2 + 3*z + 83. Let r be h(-26). Suppose 5*x - 14646 = -4*n, 2*x - r*x + 10983 = 3*n. Is n prime?
True
Let u = -460 - -454. Is 208843*(-1)/u - 133/798 prime?
True
Suppose 3*t + 3*x = 326580, -6*t + 653166 = -169*x + 173*x. Is t prime?
True
Suppose -84 = -5*y + 4*m - 0*m, -5*m - 5 = 0. Suppose -67440 + 3296 = -y*r. Is r a prime number?
False
Let h(u) = u**3 - 4*u**2 - 3*u - 10. Let o be h(5). Suppose 0 = -0*t + t + 2*v + 8, t + 3*v + 11 = 0. Is (-1038)/t + (2 + o)/1 composite?
False
Is ((-28)/(-56)*-2)/(1/(0 - 159667)) a composite number?
False
Let i(s) = 445*s**2 + 31*s + 263. Is i(-15) a composite number?
False
Suppose 3*n = 53 + 19. Suppose 2*z - 14 = 2*f, -5*z = -3*z - 4*f - n. Suppose -2*v - m = 3*v - 7804, z*v - 3119 = -3*m. Is v prime?
False
Suppose -10*u + 3355533 = 1140143. Is u composite?
False
Let c be (148/185)/((-2)/(-14415)). Suppose 14023 + c = 7*n. Is n prime?
False
Let q(d) = 1859*d + 1173. Is q(14) a prime number?
False
Suppose h + 11572 = -0*h + 31593. Is h prime?
True
Suppose -3*w - 4*z + 631969 = 0, 0 = 149*w - 147*w + z - 421316. Is w a composite number?
False
Let m = -184414 - -477477. Is m composite?
True
Suppose 239*v = 230*v. Let x(t) = -2*t**2 + 35*t + 689. Is x(v) prime?
False
Suppose f = -63*b + 64*b - 262576, -3*b = 4*f - 787735. Is b a prime number?
False
Suppose -s - 4*v - 22 = 0, 7*s - 12*s - 22 = -2*v. Is 44